 common factor of 90 and 26580?
30
Calculate the highest common divisor of 427931 and 2164.
541
Calculate the highest common factor of 1729 and 1547.
91
Calculate the highest common factor of 168 and 123438.
42
What is the highest common factor of 9454 and 489000?
326
What is the greatest common factor of 1078524 and 8?
4
What is the greatest common factor of 388743 and 6?
3
What is the greatest common factor of 21869 and 13129?
19
Calculate the greatest common divisor of 520911 and 1947.
177
What is the highest common divisor of 1979234 and 82?
82
What is the highest common divisor of 252278 and 62?
62
What is the greatest common factor of 16640 and 10608?
208
Calculate the highest common factor of 268 and 5506.
2
What is the highest common factor of 927332 and 28?
28
Calculate the highest common factor of 1358 and 511.
7
What is the greatest common factor of 94711 and 371?
53
What is the highest common factor of 220 and 1514920?
220
What is the highest common divisor of 1587 and 897?
69
What is the highest common factor of 80 and 721720?
40
What is the greatest common factor of 115485 and 105?
15
Calculate the greatest common factor of 1620 and 98160.
60
Calculate the highest common divisor of 6499 and 3953.
67
Calculate the highest common factor of 406 and 24244.
58
Calculate the highest common factor of 44220 and 340.
20
Calculate the greatest common factor of 9 and 492993.
9
Calculate the highest common divisor of 264 and 24200.
88
What is the highest common divisor of 8232 and 10878?
294
What is the greatest common factor of 5433180 and 12?
12
What is the greatest common factor of 9315966 and 506?
506
What is the highest common factor of 81513 and 27?
27
Calculate the highest common factor of 25 and 9243275.
25
What is the greatest common factor of 109471 and 1?
1
Calculate the greatest common divisor of 239502 and 9666.
1074
What is the greatest common factor of 20376 and 96?
24
What is the highest common divisor of 1728173 and 263?
263
Calculate the highest common divisor of 82210 and 30.
10
What is the greatest common factor of 104 and 355186?
26
What is the greatest common divisor of 59 and 204317?
59
Calculate the highest common divisor of 7824 and 24216.
24
Calculate the highest common divisor of 207 and 1702.
23
What is the greatest common factor of 57710 and 1194?
398
What is the highest common factor of 2804703 and 66?
33
Calculate the highest common divisor of 90 and 3170.
10
What is the greatest common factor of 21888 and 64296?
1368
What is the greatest common factor of 168 and 31353?
21
Calculate the highest common divisor of 9 and 3303.
9
Calculate the highest common factor of 200 and 160.
40
Calculate the greatest common divisor of 261 and 169389.
261
Calculate the greatest common divisor of 1488 and 21936.
48
What is the greatest common factor of 1170 and 24180?
390
What is the highest common factor of 942 and 174?
6
Calculate the greatest common divisor of 19115 and 20.
5
Calculate the highest common divisor of 1586 and 1742.
26
What is the highest common factor of 204032 and 48?
16
Calculate the highest common divisor of 3345 and 2565.
15
What is the highest common divisor of 25728 and 80?
16
What is the greatest common factor of 171 and 1181743?
19
What is the highest common factor of 5510 and 145870?
290
Calculate the greatest common factor of 14443 and 40183.
143
What is the greatest common divisor of 84516 and 66?
6
Calculate the greatest common divisor of 384 and 11616.
96
What is the highest common factor of 3928491 and 982?
491
Calculate the highest common factor of 152912 and 2128.
304
What is the greatest common divisor of 61588 and 712?
356
Calculate the greatest common divisor of 254573 and 33.
11
Calculate the highest common divisor of 117113 and 332.
83
Calculate the greatest common factor of 297792 and 1880.
376
Calculate the greatest common divisor of 19513 and 143.
13
What is the highest common factor of 9204 and 1062?
354
What is the highest common divisor of 539550 and 1980?
990
What is the greatest common factor of 70861 and 371?
371
What is the highest common factor of 3886 and 116?
58
What is the greatest common divisor of 480 and 62290?
10
Calculate the greatest common factor of 276 and 170976.
12
Calculate the greatest common divisor of 32 and 376864.
32
What is the highest common factor of 65900 and 127187?
659
What is the highest common factor of 692188 and 28?
28
Calculate the highest common divisor of 134 and 3683258.
134
Calculate the greatest common factor of 131879 and 76.
19
Calculate the greatest common divisor of 573438 and 186.
186
Calculate the greatest common divisor of 35295 and 16965.
195
Calculate the highest common divisor of 2525 and 577720.
505
What is the greatest common divisor of 996 and 807258?
498
Calculate the highest common divisor of 128 and 448.
64
Calculate the highest common divisor of 1566146 and 172.
86
What is the highest common factor of 88 and 11?
11
Calculate the highest common factor of 990 and 255870.
90
What is the highest common divisor of 12669 and 375126?
309
Calculate the highest common divisor of 88 and 236258.
22
Calculate the greatest common divisor of 4 and 272096.
4
What is the highest common factor of 883 and 3281228?
883
What is the highest common divisor of 240 and 81670?
10
Calculate the highest common factor of 111180 and 96.
12
Calculate the highest common factor of 27867 and 105.
21
What is the highest common divisor of 2780 and 30400?
20
Calculate the greatest common divisor of 5922807 and 33.
33
What is the highest common divisor of 28322 and 1428?
238
Calculate the greatest common divisor of 8 and 305132.
4
What is the highest common divisor of 290 and 225098?
58
What is the greatest common divisor of 5 and 84200?
5
What is the highest common factor of 1313 and 128169?
101
Calculate the highest common factor of 115 and 112286.
23
What is the greatest common divisor of 648 and 4032?
72
Calculate the highest common divisor of 5143 and 1591.
37
Calculate the highest common factor of 2000739 and 1131.
1131
What is the highest common factor of 141489 and 21330?
711
What is the highest common factor of 586544 and 1904?
112
What is the greatest common divisor of 5060 and 9890?
230
What is the greatest common divisor of 112 and 324296?
56
What is the highest common divisor of 11349 and 117?
117
Calculate the highest common factor of 3573 and 12456.
9
Calculate the highest common factor of 8618 and 5282.
278
Calculate the greatest common divisor of 24 and 3636228.
12
Calculate the greatest common divisor of 132156 and 2772.
36
What is the greatest common divisor of 266 and 39558?
38
What is the greatest common divisor of 3583929 and 276?
69
What is the greatest common divisor of 1627 and 4?
1
Calculate the greatest common divisor of 3947272 and 56.
56
Calculate the highest common divisor of 9960 and 106620.
60
What is the highest common divisor of 316545 and 75?
15
Calculate the highest common factor of 40 and 9343.
1
Calculate the highest common divisor of 423371 and 725.
29
What is the greatest common factor of 1672 and 4499?
11
Calculate the greatest common factor of 1150 and 506.
46
What is the highest common factor of 234 and 45435?
39
Calculate the highest common divisor of 20 and 3452.
4
Calculate the greatest common factor of 1254 and 13134.
66
What is the highest common factor of 1110 and 69560?
370
What is the greatest common divisor of 138 and 53866?
46
Calculate the greatest common factor of 783 and 211410.
783
What is the highest common divisor of 220 and 7180?
20
Calculate the highest common factor of 26 and 1363934.
26
Calculate the highest common factor of 16 and 1391200.
16
Calculate the highest common factor of 306 and 46614.
102
Calculate the greatest common divisor of 166 and 321625.
83
Calculate the highest common factor of 66 and 21879.
33
What is the greatest common divisor of 8118 and 242?
22
What is the highest common divisor of 2928 and 2292?
12
Calculate the highest common divisor of 1199 and 1067.
11
Calculate the highest common divisor of 39226 and 110.
22
What is the greatest common factor of 11940 and 108?
12
Calculate the highest common divisor of 1224 and 2598.
6
Calculate the greatest common divisor of 152164 a